+ 1016 = 3*p, 5*p - 5*l - 512 = 1168. Suppose 0*u + 4*u + 2*f = p, 5*u + 5*f = 410. Is 5 a factor of u?
False
Is 13 a factor of (-240 + 0)/(-4) - (2 - -1)?
False
Let k(a) = a**3 - 4*a**2 + 2*a - 4. Is 15 a factor of k(9)?
False
Let b = 74 - 32. Does 14 divide b?
True
Suppose -5*y - 10 = -3*y. Let s(b) = 29*b - 3. Let n(g) = -57*g + 6. Let k(h) = 6*n(h) + 11*s(h). Does 24 divide k(y)?
False
Let n(j) = -2*j**2 - 5*j + 2. Let i(f) be the first derivative of -f**3/3 - 3*f**2/2 + f - 4. Let k(h) = 5*i(h) - 2*n(h). Is k(-4) a multiple of 2?
False
Let x = 26 + -14. Let o = 4 + x. Does 12 divide o?
False
Suppose z - w + 4 = 0, 2*z - 11 = -4*w - 1. Does 26 divide (15 - 17)/(z/39)?
True
Let m be (43/2)/(1/6). Suppose -m = -l + g, -2*l + 7*l - 659 = -2*g. Does 31 divide l?
False
Let h(i) = -i**3 + 8*i**2 + 13*i - 8. Let n be (1/(-2))/(4/(-56)*1). Is h(n) a multiple of 12?
True
Suppose -2*i + w = 36 + 4, -97 = 5*i - 4*w. Let c = 7 - i. Let l = c - 11. Is l a multiple of 4?
False
Suppose 923*l - 925*l = -660. Is l a multiple of 22?
True
Suppose -14 = 5*r + 1. Let s be (2 + r)*-1 + 0. Does 22 divide (183/6)/(s/2)?
False
Suppose -2*z = -5*r + 305, r - 61 = -0*r + z. Suppose 38 = -0*h + 2*h - 4*v, -4*h + 5*v = -r. Does 3 divide h?
True
Let k(c) = c**2 + 5*c + 1. Let a be k(-5). Suppose 2*p - 3 = a. Suppose -p*b - 2 = -62. Is b a multiple of 30?
True
Suppose 8*d + 17*d - 18750 = 0. Does 30 divide d?
True
Let g(n) = 1426*n - 236. Does 26 divide g(2)?
False
Let x(w) = w**3 + 21*w**2 - w - 29. Let b be x(-21). Let g = b + 60. Is 11 a factor of g?
False
Suppose s + 130 = 51. Let x = s - -144. Is x a multiple of 13?
True
Let l = 107 - 62. Suppose 0 = 18*f - 9*f - l. Is 2 a factor of f?
False
Let c(b) = -4*b + 19. Let m be -8 + 3 + -5 + 6. Does 5 divide c(m)?
True
Suppose -5003 = -3*x - 2*f, 2*x - f - 3346 = 3*f. Is x a multiple of 97?
False
Does 24 divide (-26 + 28)/(1/276)?
True
Suppose 0 = 6*p - 29 - 19. Let u(t) = t**3 - 8*t**2 + 7*t - 1. Is u(p) a multiple of 11?
True
Let u = 585 - 1010. Is 34 a factor of ((-6)/15)/(5/u)?
True
Suppose 2*u - u = 42. Does 7 divide (-12)/u + (-690)/(-14)?
True
Let b = 1393 - 3089. Let r be (-144)/27*42/4. Is 13 a factor of (-2)/7 + b/r?
False
Let j = 1085 + -695. Does 40 divide j?
False
Suppose -a - 294 = 2*a. Let o = -20 - -17. Is 16 a factor of 2/o - a/3?
True
Suppose 8*q - 7*q - a + 2 = 0, 4 = 2*q + 2*a. Let u be (-1 + 2)*(-1 + 5). Suppose u*w = q, 2*z + 4*w - 12 = z. Is 6 a factor of z?
True
Let c(v) = 3*v**2 + 10*v + 9. Let z be c(-3). Let u(n) = n**2 + 6*n - 12. Is 5 a factor of u(z)?
True
Let x be 1110/(-21) + 1/(-7). Let y = x + 76. Let q = 92 - y. Does 15 divide q?
False
Suppose 8*y = 1122 + 14494. Is y a multiple of 20?
False
Let j = -171 + 720. Is j a multiple of 20?
False
Let o be (-2481)/33 + (-6)/(-33). Let u = o + 112. Is u a multiple of 4?
False
Suppose 2*n - 5 = -5*d, -3*n - d = -4*d + 3. Suppose o - x - 39 = 0, -4*o + n*o + 132 = 4*x. Is o a multiple of 15?
False
Let i be ((-3)/(-1))/(24/(-32)). Let q(p) be the third derivative of p**5/60 - p**4/24 + 5*p**3/6 - 4*p**2. Is q(i) a multiple of 10?
False
Let c be 4/(-6) + 11/((-66)/(-148)). Suppose -276 = 12*m - c*m. Does 23 divide m?
True
Let q = -15 - -20. Suppose -k + q*k = -56. Is 6 a factor of (-82)/k + 2/14?
True
Let x(z) = 124*z**2 + 4*z - 2. Let o be x(-2). Is 2/(-6)*o/(-9) a multiple of 3?
True
Let w = -187 + 238. Is w a multiple of 13?
False
Suppose 4*s = z - 153, 2*s = 13 - 21. Is z a multiple of 8?
False
Let w(h) = -h**3 - 28*h**2 + 61*h - 31. Is 7 a factor of w(-32)?
False
Suppose -f - 2045 + 168 = -3*n, 2*n - 1273 = 5*f. Does 8 divide n?
True
Let s(x) = -x + 37. Let q be s(15). Suppose -q*g + 33*g - 176 = 0. Is 16 a factor of g?
True
Let b be 8/10*(1 + 4). Let x = 508 + -251. Suppose 5*c + w - x = 0, -b*w = 2*c - w - 95. Is c a multiple of 14?
False
Let b = 60 + -18. Is b a multiple of 6?
True
Suppose 3*v - 3 = 9. Let b be 131/v + (-5)/(-20). Does 3 divide ((-10)/15)/((-2)/b)?
False
Let p(u) = -u + 10. Let z be p(8). Suppose -q = 4*j - 16, -z*j = q - 7*j + 20. Suppose -5*f + 3*d = q, 2*d = -d + 15. Does 3 divide f?
True
Let f(p) be the first derivative of -11*p**2 - 13*p + 10. Let m(g) = 33*g + 19. Let a(k) = 8*f(k) + 5*m(k). Is a(-2) a multiple of 5?
False
Let c(u) = -60*u - 19. Is c(-11) a multiple of 21?
False
Let r(l) = 5*l**2 - 4*l + 3. Suppose 0 = -k + p + 9, 4*k - 34 = 5*p + 6. Suppose 0 = 5*n + 3*b - 30, -3*n - k*b - 20 + 54 = 0. Does 12 divide r(n)?
True
Let u = 25 - 28. Let j be 201/21 - u/7. Let r(m) = m**2 - 11*m + 14. Is r(j) a multiple of 3?
False
Let v(i) = 8*i**2 + 2*i + 4. Let h(u) = 7*u**2 + 2*u + 3. Let w(b) = -7*h(b) + 6*v(b). Is 2 a factor of w(0)?
False
Let b be 24/(-10)*40/(-16). Let x(a) be the third derivative of -a**6/120 + 2*a**5/15 - 5*a**4/12 + 5*a**3/2 + 19*a**2. Is 27 a factor of x(b)?
True
Let l(q) be the third derivative of -q**5/60 - 7*q**4/12 - 8*q**3/3 - q**2. Does 6 divide l(-9)?
False
Let t(w) = 12*w**2 - 38*w - 22. Is 39 a factor of t(9)?
False
Let d = -688 - -694. Is d a multiple of 3?
True
Let w(u) = -30*u - 66. Is 6 a factor of w(-30)?
True
Let o be (-97)/2*(-1 - (-9 + 2)). Let z = -207 - o. Is 9 a factor of z?
False
Suppose -a - 4*i = -79, -3*i = 2*i + 5. Let k be -14*(-7)/(-2) + (-14 - -10). Let v = a + k. Does 10 divide v?
True
Let l(g) = 13*g**3 + 8*g**3 - 6*g**2 - 22*g**3. Let m be l(-6). Suppose t + 3*t - 76 = m. Is t a multiple of 12?
False
Let l = -93 + 219. Let b = l - 82. Is b a multiple of 18?
False
Let s = 1785 - 1189. Does 14 divide s?
False
Suppose -45*v + 56*v = 3157. Is v a multiple of 41?
True
Let o = 12 + -22. Suppose 3*x + 0*x + 2*n + 86 = 0, -34 = x - 2*n. Is (-282)/x + 4/o a multiple of 2?
False
Let z = 69 + -31. Suppose f - z = -x, -x + 2*f = -2*x + 41. Is x a multiple of 17?
False
Let i(m) = m**2 - 8*m + 15. Let z be i(6). Suppose -2*d + 24 = -k + 3*d, -k - 14 = -z*d. Is -17 + 69 - (k - 3) a multiple of 18?
True
Let k be -12*1*2/(-4). Suppose -401 = -k*s + 91. Does 41 divide s?
True
Suppose -4*l + 16 = 4. Suppose 3*u - l*p - 192 - 72 = 0, -5*p + 272 = 3*u. Does 18 divide u?
False
Let m be 2 - ((-1 + 3)/2)/(-1). Suppose -q + 189 = m*s, -2*q + 0*s + 389 = -5*s. Is q a multiple of 13?
False
Suppose 8*p + 112 - 56 = 0. Let y(g) = g**3 + g**2 - g + 1. Let x(c) = -6*c**3 - 13*c**2 + 4*c - 10. Let j(b) = -x(b) - 5*y(b). Is 10 a factor of j(p)?
False
Suppose -15 = -z - 4*z. Let n(k) = 5*k**3 - 3*k**2 + 3*k + 4. Let w be n(z). Suppose -3*r - 4*g + w = -2*g, -5*g = r - 36. Is 13 a factor of r?
False
Let m = -36 - 317. Let r = -252 - m. Is r a multiple of 24?
False
Let t(a) = 9 + 12 - 5 - 12*a. Is t(-9) a multiple of 31?
True
Suppose -7*k - 29 = -3*a - 2*k, -5*a - 5*k - 5 = 0. Suppose -a*y - 4*h = -9*h - 205, 4*y - h - 279 = 0. Is y a multiple of 17?
False
Suppose -4*f + 3 = -3*f. Suppose -f*o + 285 = -81. Does 18 divide o?
False
Let v(p) = -2*p**3 + 4*p**2 + 4*p. Let u be v(-3). Suppose -14 = -4*i + u. Is i a multiple of 23?
True
Let h(a) = a**3 + 7*a**2 + 14*a + 4. Let o be h(-4). Let f(g) = -2*g**3 - 2*g**2 + g - 1. Does 17 divide f(o)?
False
Let u(g) = -g**2 - 15*g - 14. Let t be u(-14). Suppose t = -2*a + 111 + 33. Does 16 divide a?
False
Let j(d) = 4*d**2 + 11*d + 8. Let i(t) = -11*t**2 - 33*t - 24. Let w(r) = -3*i(r) - 8*j(r). Let z be w(-10). Does 11 divide (z/5)/((-9)/990)?
True
Let u(m) = -m**3 - m**2 + 10*m + 25. Does 25 divide u(-5)?
True
Suppose 0 = -5*m - 5*f + 1595, 965 = 3*m - 4*f - f. Is 20 a factor of m?
True
Let k(f) = 23*f - 195. Does 3 divide k(12)?
True
Let o be 396/81 - (-1)/9. Suppose -2*z + z + o*t = 6, 0 = 4*z - 4*t - 8. Suppose 3*l + x = -0*l + 131, 0 = -z*x - 16. Is l a multiple of 9?
True
Let a be (-50)/4*(-6)/5. Suppose -3*t - 4*n + 0*n + a = 0, 2*n = t + 5. Suppose 2*m = -4*w + t + 43, -4*w = 16. Does 10 divide m?
True
Suppose 69*i - 62*i = 21. Suppose -i*z = c - 107, -2*z = -3 + 5. Is c a multiple of 10?
True
Suppose -c - d + 28 = -0*d, c + 4*d - 25 = 0. Let b = c - 23. Suppose o + b = 34. Is o a multiple of 14?
True
Suppose -3*v + 2435 = 5*o, 3*o = 4*v - 2205 - 1032. Is 30 a factor of v?
True
Suppose 0 = 5*n - 3*n + 14. Let v = n - -8. Does 6 divide -6*4/v*-1?
True
Let n = 11 - 9. Suppose 8 = n*x, p + 4*x - 75 = -0*x. Is p a multiple of 5?
False
Suppose -d + 3*v 